7, 477439
What are the prime factors of 89846187?
3, 47, 113, 5639
What are the prime factors of 8307513?
3, 419, 2203
What are the prime factors of 104255128?
2, 19, 41, 16729
What are the prime factors of 1232977148?
2, 13, 67, 353897
What are the prime factors of 90654855?
3, 5, 6043657
List the prime factors of 255901615.
5, 137, 167, 2237
What are the prime factors of 2498412322?
2, 7, 178458023
List the prime factors of 100995546.
2, 3, 41, 410551
What are the prime factors of 92197679?
7, 13171097
List the prime factors of 520381274.
2, 7, 47, 112979
List the prime factors of 2530804148.
2, 1877, 337081
List the prime factors of 392890628.
2, 13, 2141, 3529
What are the prime factors of 1606848338?
2, 43, 18684283
What are the prime factors of 39466799?
39466799
What are the prime factors of 3919925871?
3, 435547319
List the prime factors of 2966436148.
2, 13, 17, 709, 4733
List the prime factors of 1803724057.
31, 919, 63313
What are the prime factors of 511745366?
2, 11, 239, 97327
List the prime factors of 101646482.
2, 7, 127, 8167
What are the prime factors of 5034575129?
5034575129
What are the prime factors of 251881131?
3, 47, 1786391
What are the prime factors of 155762754?
2, 3, 7, 3708637
What are the prime factors of 43352426?
2, 13, 1667401
What are the prime factors of 37447346?
2, 3221, 5813
List the prime factors of 447913072.
2, 149, 187883
List the prime factors of 79623340.
2, 5, 3981167
List the prime factors of 1104131745.
3, 5, 24536261
What are the prime factors of 1330545804?
2, 3, 7, 2262833
What are the prime factors of 115460828?
2, 7, 23, 179287
What are the prime factors of 18053740?
2, 5, 902687
What are the prime factors of 860127920?
2, 5, 17, 632447
List the prime factors of 3877268137.
3877268137
What are the prime factors of 111207378?
2, 3, 18534563
What are the prime factors of 4404623353?
13, 53, 6392777
What are the prime factors of 782214792?
2, 3, 32592283
List the prime factors of 452314126.
2, 11, 20559733
List the prime factors of 3711396.
2, 3, 13, 37, 643
List the prime factors of 25717208.
2, 11, 292241
What are the prime factors of 1307932347?
3, 435977449
List the prime factors of 38526930.
2, 3, 5, 13, 17, 149
List the prime factors of 83768247.
3, 149, 62467
What are the prime factors of 6560964871?
577, 11370823
List the prime factors of 1746705535.
5, 83, 1319, 3191
What are the prime factors of 15069716?
2, 131, 28759
List the prime factors of 162169318.
2, 409, 198251
List the prime factors of 152957578.
2, 379, 201791
What are the prime factors of 1392351840?
2, 3, 5, 11, 61, 131
What are the prime factors of 134196765?
3, 5, 43, 208057
List the prime factors of 530541685.
5, 197, 538621
What are the prime factors of 153860595?
3, 5, 7, 31, 47269
List the prime factors of 173018408.
2, 19, 29, 39251
List the prime factors of 104117974.
2, 113, 173, 2663
What are the prime factors of 779713527?
3, 259904509
What are the prime factors of 5255298?
2, 3, 41, 7121
What are the prime factors of 567296937?
3, 63032993
What are the prime factors of 75077565?
3, 5, 47, 109, 977
What are the prime factors of 1607022745?
5, 321404549
What are the prime factors of 692880256?
2, 31, 174617
List the prime factors of 460402114.
2, 230201057
What are the prime factors of 125734137?
3, 947, 44257
List the prime factors of 521689950.
2, 3, 5, 386437
List the prime factors of 55451815.
5, 11090363
List the prime factors of 480993840.
2, 3, 5, 668047
What are the prime factors of 248180144?
2, 17, 29, 73, 431
List the prime factors of 5260788246.
2, 3, 7, 125256863
What are the prime factors of 95149858?
2, 47574929
What are the prime factors of 954698058?
2, 3, 53038781
List the prime factors of 775600354.
2, 79, 4908863
List the prime factors of 49648505.
5, 9929701
List the prime factors of 215519486.
2, 7, 13, 1184173
List the prime factors of 47868111.
3, 1772893
What are the prime factors of 203604286?
2, 71, 1433833
List the prime factors of 7117212123.
3, 7, 43, 125107
List the prime factors of 18165327.
3, 6055109
List the prime factors of 109420347.
3, 17, 2145497
List the prime factors of 61950914.
2, 23, 691, 1949
List the prime factors of 119168225.
5, 11, 317, 1367
What are the prime factors of 134707149?
3, 14967461
What are the prime factors of 14517839?
7, 2073977
What are the prime factors of 93483751?
1429, 65419
What are the prime factors of 4884645657?
3, 47, 34642877
List the prime factors of 58473051.
3, 7, 13, 19, 11273
What are the prime factors of 7235280503?
11, 19, 113, 306359
What are the prime factors of 366784887?
3, 7, 23, 59, 61, 211
What are the prime factors of 830203339?
7, 118600477
What are the prime factors of 7218360720?
2, 3, 5, 2731, 3671
What are the prime factors of 17029047?
3, 7, 810907
What are the prime factors of 696263044?
2, 137, 263, 4831
What are the prime factors of 2178757154?
2, 7, 131, 1187981
List the prime factors of 97466806.
2, 37, 1317119
What are the prime factors of 168637521?
3, 13, 19, 227581
What are the prime factors of 296755743?
3, 421, 234961
List the prime factors of 797096335.
5, 7, 31, 307, 2393
What are the prime factors of 29436573?
3, 23, 181, 2357
What are the prime factors of 197314158?
2, 3, 1637, 20089
What are the prime factors of 16111086?
2, 3, 23, 116747
What are the prime factors of 832648857?
3, 3209, 86491
List the prime factors of 5125223543.
11, 53, 8791121
What are the prime factors of 255598385?
5, 7, 1481, 4931
List the prime factors of 1763735719.
151, 1741, 6709
What are the prime factors of 194716115?
5, 11, 31, 114203
What are the prime factors of 111096277?
111096277
List the prime factors of 26512761.
3, 11, 803417
List the prime factors of 1010236891.
541, 1867351
List the prime factors of 4949019761.
7, 1931, 366133
List the prime factors of 57410280.
2, 3, 5, 159473
What are the prime factors of 189566322?
2, 3, 11, 23, 47, 2657
List the prime factors of 4223612719.
17, 248447807
List the prime factors of 3375888262.
2, 71, 23773861
What are the prime factors of 80748321?
3, 863, 31189
List the prime factors of 1222920648.
2, 3, 103, 1601
What are the prime factors of 408036495?
3, 5, 19, 75353
What are the prime factors of 250045265?
5, 17, 41, 157, 457
List the prime factors of 79041652.
2, 19760413
List the prime factors of 48434716.
2, 11, 719, 1531
What are the prime factors of 98677611?
3, 41, 267419
List the prime factors of 13390187.
13390187
What are the prime factors of 81542434?
2, 40771217
List the prime factors of 50941689.
3, 313, 54251
List the prime factors of 139454706.
2, 3, 17, 1367203
What are the prime factors of 198592805?
5, 2417, 16433
List the prime factors of 84723445.
5, 113, 149953
List the prime factors of 229394551.
43, 5334757
List the prime factors of 247831037.
247831037
List the prime factors of 5530528802.
2, 23, 67, 26783
What are the prime factors of 4424274110?
2, 5, 53, 971, 8597
What are the prime factors of 140927866?
2, 2069, 34057
What are the prime factors of 29840716?
2, 19, 431, 911
What are the prime factors of 134919508?
2, 67, 503431
List the prime factors of 107985492.
2, 3, 2999597
What are the prime factors of 2116294790?
2, 5, 3671, 57649
What are the prime factors of 1904877580?
2, 5, 4783, 19913
What are the prime factors of 2788340749?
29, 96149681
What are the prime factors of 109007587?
13, 17, 37, 13331
What are the prime factors of 45560605?
5, 9112121
List the prime factors of 727858735.
5, 145571747
What are the prime factors of 1102329689?
1102329689
List the prime factors of 73379206.
2, 311, 117973
What are the prime factors of 3165648775?
5, 37, 3422323
What are the prime factors of 140757890?
2, 5, 7, 13, 19, 1163
What are the prime factors of 6647176750?
2, 5, 1483, 17929
List the prime factors of 68370150.
2, 3, 5, 67, 6803
List the prime factors of 192897683.
11, 953, 18401
List the prime factors of 1741502801.
1741502801
What are the prime factors of 275976030?
2, 3, 5, 11, 836291
List the prime factors of 1251382142.
2, 19, 32931109
What are the prime factors of 22303052?
2, 137, 40699
List the prime factors of 610801400.
2, 5, 11, 277637
List the prime factors of 60481673.
7, 211, 40949
List the prime factors of 175567244.
2